{"id":1932,"date":"2025-03-04T13:39:53","date_gmt":"2025-03-04T16:39:53","guid":{"rendered":"https:\/\/technowebstore.com\/plumbing-wordpress\/?page_id=1932"},"modified":"2025-03-23T14:16:03","modified_gmt":"2025-03-23T17:16:03","slug":"blog","status":"publish","type":"page","link":"https:\/\/natrape.org\/index.php\/blog\/","title":{"rendered":"Blog"},"content":{"rendered":"\t\t<div data-elementor-type=\"wp-page\" data-elementor-id=\"1932\" class=\"elementor elementor-1932\">\n\t\t\t\t\t\t<section class=\"has_eae_slider elementor-section elementor-top-section elementor-element elementor-element-c569757 elementor-section-boxed elementor-section-height-default elementor-section-height-default\" data-eae-slider=\"51644\" data-id=\"c569757\" data-element_type=\"section\" data-e-type=\"section\">\n\t\t\t\t\t\t<div class=\"elementor-container elementor-column-gap-default\">\n\t\t\t\t\t<div class=\"has_eae_slider elementor-column elementor-col-100 elementor-top-column elementor-element elementor-element-484f4ce\" data-eae-slider=\"17465\" data-id=\"484f4ce\" data-element_type=\"column\" data-e-type=\"column\">\n\t\t\t<div class=\"elementor-widget-wrap elementor-element-populated\">\n\t\t\t\t\t\t<section class=\"has_eae_slider elementor-section elementor-inner-section elementor-element elementor-element-a2b9e05 elementor-section-boxed elementor-section-height-default elementor-section-height-default\" data-eae-slider=\"31481\" data-id=\"a2b9e05\" data-element_type=\"section\" data-e-type=\"section\">\n\t\t\t\t\t\t<div class=\"elementor-container elementor-column-gap-default\">\n\t\t\t\t\t<div class=\"has_eae_slider elementor-column elementor-col-100 elementor-inner-column elementor-element elementor-element-da6fcc6\" data-eae-slider=\"39275\" data-id=\"da6fcc6\" data-element_type=\"column\" data-e-type=\"column\">\n\t\t\t<div class=\"elementor-widget-wrap elementor-element-populated\">\n\t\t\t\t\t\t<div class=\"elementor-element elementor-element-9ee7bbc elementor-widget elementor-widget-heading\" data-id=\"9ee7bbc\" data-element_type=\"widget\" data-e-type=\"widget\" data-widget_type=\"heading.default\">\n\t\t\t\t<div class=\"elementor-widget-container\">\n\t\t\t\t\t<h5 class=\"elementor-heading-title elementor-size-default\">Not\u00edcias e Informa\u00e7\u00f5es\n<\/h5>\t\t\t\t<\/div>\n\t\t\t\t<\/div>\n\t\t\t\t<div class=\"elementor-element elementor-element-d28aaf2 elementor-widget elementor-widget-heading\" data-id=\"d28aaf2\" data-element_type=\"widget\" data-e-type=\"widget\" data-widget_type=\"heading.default\">\n\t\t\t\t<div class=\"elementor-widget-container\">\n\t\t\t\t\t<h2 class=\"elementor-heading-title elementor-size-default\">Fique por dentro das novidades e conte\u00fados\n<\/h2>\t\t\t\t<\/div>\n\t\t\t\t<\/div>\n\t\t\t\t\t<\/div>\n\t\t<\/div>\n\t\t\t\t\t<\/div>\n\t\t<\/section>\n\t\t\t\t<section class=\"has_eae_slider elementor-section elementor-inner-section elementor-element elementor-element-22b1ced elementor-section-boxed elementor-section-height-default elementor-section-height-default\" data-eae-slider=\"81425\" data-id=\"22b1ced\" data-element_type=\"section\" data-e-type=\"section\">\n\t\t\t\t\t\t<div class=\"elementor-container elementor-column-gap-default\">\n\t\t\t\t\t<div class=\"has_eae_slider elementor-column elementor-col-100 elementor-inner-column elementor-element elementor-element-12aedfc\" data-eae-slider=\"50239\" data-id=\"12aedfc\" data-element_type=\"column\" data-e-type=\"column\">\n\t\t\t<div class=\"elementor-widget-wrap elementor-element-populated\">\n\t\t\t\t\t\t<div class=\"elementor-element elementor-element-3d13ac1 elementor-widget elementor-widget-shortcode\" data-id=\"3d13ac1\" data-element_type=\"widget\" data-e-type=\"widget\" data-widget_type=\"shortcode.default\">\n\t\t\t\t<div class=\"elementor-widget-container\">\n\t\t\t\t\t\t\t<div class=\"elementor-shortcode\"><style>\n.blog-img {\n    padding: 0;\n}\n.blog-box{box-shadow:none}\n<\/style>\n\n<div class=\"row\">\n    \n        \n\n        <div class=\"col-md-4 mb-25\">\n            <div class=\"bd-blog p-relative\">\n    <div class=\"bd-blog-thumb\">\n        <a href=\"https:\/\/natrape.org\/index.php\/blogs\/saude-mental-de-travestis-e-pessoas-trans-acolhimento-cuidado-e-resistencia\/\">\n\t\t<img decoding=\"async\" src=\"https:\/\/natrape.org\/wp-content\/uploads\/2025\/03\/saude-mental.png\" alt=\"image not found\" \/>\n\t\t<\/a>\n    <\/div>\n    <div class=\"bd-blog-meta left-line mt-35\">\n        <div class=\"postbox__meta\">\n            <h5>Postado por:<\/h5>\n            <div class=\"postbox__meta-inner\">\n                <span>\n                    <a href=\"https:\/\/natrape.org\/index.php\/blogs\/saude-mental-de-travestis-e-pessoas-trans-acolhimento-cuidado-e-resistencia\/\">samantha<\/a>\n                <\/span>\n                <span>\n                   23 de mar\u00e7o de 2025                <\/span>\n            <\/div>\n        <\/div>\n    <\/div>\n    <div class=\"bd-blog-content mt-20\">\n        <h4 class=\"bd-blog-content-title under-line\"><a href=\"https:\/\/natrape.org\/index.php\/blogs\/saude-mental-de-travestis-e-pessoas-trans-acolhimento-cuidado-e-resistencia\/\">Sa\u00fade mental de travestis e pessoas trans: acolhimento, cuidado e resist\u00eancia<\/a><\/h4>\n    <\/div>\n<\/div>\n             \n        <\/div>\n\n\n        \n\n        <div class=\"col-md-4 mb-25\">\n            <div class=\"bd-blog p-relative\">\n    <div class=\"bd-blog-thumb\">\n        <a href=\"https:\/\/natrape.org\/index.php\/blogs\/prevencao-combinada-para-travestis-e-pessoas-trans-estrategias-diversas-cuidado-unico\/\">\n\t\t<img decoding=\"async\" src=\"https:\/\/natrape.org\/wp-content\/uploads\/2025\/03\/prevencao-combinada.png\" alt=\"image not found\" \/>\n\t\t<\/a>\n    <\/div>\n    <div class=\"bd-blog-meta left-line mt-35\">\n        <div class=\"postbox__meta\">\n            <h5>Postado por:<\/h5>\n            <div class=\"postbox__meta-inner\">\n                <span>\n                    <a href=\"https:\/\/natrape.org\/index.php\/blogs\/prevencao-combinada-para-travestis-e-pessoas-trans-estrategias-diversas-cuidado-unico\/\">samantha<\/a>\n                <\/span>\n                <span>\n                   23 de mar\u00e7o de 2025                <\/span>\n            <\/div>\n        <\/div>\n    <\/div>\n    <div class=\"bd-blog-content mt-20\">\n        <h4 class=\"bd-blog-content-title under-line\"><a href=\"https:\/\/natrape.org\/index.php\/blogs\/prevencao-combinada-para-travestis-e-pessoas-trans-estrategias-diversas-cuidado-unico\/\">Preven\u00e7\u00e3o combinada para travestis e pessoas trans: estrat\u00e9gias diversas, cuidado \u00fanico<\/a><\/h4>\n    <\/div>\n<\/div>\n             \n        <\/div>\n\n\n        \n\n        <div class=\"col-md-4 mb-25\">\n            <div class=\"bd-blog p-relative\">\n    <div class=\"bd-blog-thumb\">\n        <a href=\"https:\/\/natrape.org\/index.php\/blogs\/silicone-industrial-e-os-riscos-para-travestis-e-pessoas-trans-o-perigo-por-tras-da-busca-por-reconhecimento\/\">\n\t\t<img decoding=\"async\" src=\"https:\/\/natrape.org\/wp-content\/uploads\/2025\/03\/silicone-industrial.png\" alt=\"image not found\" \/>\n\t\t<\/a>\n    <\/div>\n    <div class=\"bd-blog-meta left-line mt-35\">\n        <div class=\"postbox__meta\">\n            <h5>Postado por:<\/h5>\n            <div class=\"postbox__meta-inner\">\n                <span>\n                    <a href=\"https:\/\/natrape.org\/index.php\/blogs\/silicone-industrial-e-os-riscos-para-travestis-e-pessoas-trans-o-perigo-por-tras-da-busca-por-reconhecimento\/\">samantha<\/a>\n                <\/span>\n                <span>\n                   23 de mar\u00e7o de 2025                <\/span>\n            <\/div>\n        <\/div>\n    <\/div>\n    <div class=\"bd-blog-content mt-20\">\n        <h4 class=\"bd-blog-content-title under-line\"><a href=\"https:\/\/natrape.org\/index.php\/blogs\/silicone-industrial-e-os-riscos-para-travestis-e-pessoas-trans-o-perigo-por-tras-da-busca-por-reconhecimento\/\">Silicone industrial e os riscos para travestis e pessoas trans: o perigo por tr\u00e1s da busca por reconhecimento<\/a><\/h4>\n    <\/div>\n<\/div>\n             \n        <\/div>\n\n\n        \n\n        <div class=\"col-md-4 mb-25\">\n            <div class=\"bd-blog p-relative\">\n    <div class=\"bd-blog-thumb\">\n        <a href=\"https:\/\/natrape.org\/index.php\/blogs\/hormonioterapia-para-travestis-e-pessoas-trans-cuidados-acesso-e-seguranca\/\">\n\t\t<img decoding=\"async\" src=\"https:\/\/natrape.org\/wp-content\/uploads\/2025\/03\/hormonioterapia.png\" alt=\"image not found\" \/>\n\t\t<\/a>\n    <\/div>\n    <div class=\"bd-blog-meta left-line mt-35\">\n        <div class=\"postbox__meta\">\n            <h5>Postado por:<\/h5>\n            <div class=\"postbox__meta-inner\">\n                <span>\n                    <a href=\"https:\/\/natrape.org\/index.php\/blogs\/hormonioterapia-para-travestis-e-pessoas-trans-cuidados-acesso-e-seguranca\/\">samantha<\/a>\n                <\/span>\n                <span>\n                   23 de mar\u00e7o de 2025                <\/span>\n            <\/div>\n        <\/div>\n    <\/div>\n    <div class=\"bd-blog-content mt-20\">\n        <h4 class=\"bd-blog-content-title under-line\"><a href=\"https:\/\/natrape.org\/index.php\/blogs\/hormonioterapia-para-travestis-e-pessoas-trans-cuidados-acesso-e-seguranca\/\">Hormonioterapia para travestis e pessoas trans: cuidados, acesso e seguran\u00e7a<\/a><\/h4>\n    <\/div>\n<\/div>\n             \n        <\/div>\n\n\n            <\/div>\n \n<\/div>\n\t\t\t\t\t\t<\/div>\n\t\t\t\t<\/div>\n\t\t\t\t\t<\/div>\n\t\t<\/div>\n\t\t\t\t\t<\/div>\n\t\t<\/section>\n\t\t\t\t\t<\/div>\n\t\t<\/div>\n\t\t\t\t\t<\/div>\n\t\t<\/section>\n\t\t\t\t<\/div>\n\t\t","protected":false},"excerpt":{"rendered":"<p>Not\u00edcias e Informa\u00e7\u00f5es Fique por dentro das novidades e conte\u00fados<\/p>\n","protected":false},"author":2,"featured_media":0,"parent":0,"menu_order":0,"comment_status":"closed","ping_status":"closed","template":"elementor_header_footer","meta":{"_acf_changed":false,"footnotes":""},"class_list":["post-1932","page","type-page","status-publish","hentry"],"acf":[],"yoast_head":"<!-- This site is optimized with the Yoast SEO plugin v24.7 - https:\/\/yoast.com\/wordpress\/plugins\/seo\/ -->\n<title>Blog - NATRAPE<\/title>\n<meta name=\"description\" content=\"Conhe\u00e7a a NATRAPE, uma organiza\u00e7\u00e3o que luta pelos direitos das travestis e pessoas trans em Pernambuco. Apoie nossa causa!\" \/>\n<meta name=\"robots\" content=\"index, follow, max-snippet:-1, max-image-preview:large, max-video-preview:-1\" \/>\n<link rel=\"canonical\" href=\"https:\/\/natrape.org\/index.php\/blog\/\" \/>\n<meta property=\"og:locale\" content=\"pt_BR\" \/>\n<meta property=\"og:type\" content=\"article\" \/>\n<meta property=\"og:title\" content=\"Blog - NATRAPE\" \/>\n<meta property=\"og:description\" content=\"Conhe\u00e7a a NATRAPE, uma organiza\u00e7\u00e3o que luta pelos direitos das travestis e pessoas trans em Pernambuco. Apoie nossa causa!\" \/>\n<meta property=\"og:url\" content=\"https:\/\/natrape.org\/index.php\/blog\/\" \/>\n<meta property=\"og:site_name\" content=\"NATRAPE\" \/>\n<meta property=\"article:modified_time\" content=\"2025-03-23T17:16:03+00:00\" \/>\n<meta name=\"twitter:card\" content=\"summary_large_image\" \/>\n<meta name=\"twitter:label1\" content=\"Est. tempo de leitura\" \/>\n\t<meta name=\"twitter:data1\" content=\"1 minuto\" \/>\n<script type=\"application\/ld+json\" class=\"yoast-schema-graph\">{\"@context\":\"https:\/\/schema.org\",\"@graph\":[{\"@type\":\"WebPage\",\"@id\":\"https:\/\/natrape.org\/index.php\/blog\/\",\"url\":\"https:\/\/natrape.org\/index.php\/blog\/\",\"name\":\"Blog - NATRAPE\",\"isPartOf\":{\"@id\":\"https:\/\/natrape.org\/#website\"},\"datePublished\":\"2025-03-04T16:39:53+00:00\",\"dateModified\":\"2025-03-23T17:16:03+00:00\",\"description\":\"Conhe\u00e7a a NATRAPE, uma organiza\u00e7\u00e3o que luta pelos direitos das travestis e pessoas trans em Pernambuco. Apoie nossa causa!\",\"breadcrumb\":{\"@id\":\"https:\/\/natrape.org\/index.php\/blog\/#breadcrumb\"},\"inLanguage\":\"pt-BR\",\"potentialAction\":[{\"@type\":\"ReadAction\",\"target\":[\"https:\/\/natrape.org\/index.php\/blog\/\"]}]},{\"@type\":\"BreadcrumbList\",\"@id\":\"https:\/\/natrape.org\/index.php\/blog\/#breadcrumb\",\"itemListElement\":[{\"@type\":\"ListItem\",\"position\":1,\"name\":\"In\u00edcio\",\"item\":\"https:\/\/natrape.org\/\"},{\"@type\":\"ListItem\",\"position\":2,\"name\":\"Blog\"}]},{\"@type\":\"WebSite\",\"@id\":\"https:\/\/natrape.org\/#website\",\"url\":\"https:\/\/natrape.org\/\",\"name\":\"NATRAPE\",\"description\":\"Nova Associa\u00e7\u00e3o de Travestis e Pessoas Trans de Pernambuco\",\"publisher\":{\"@id\":\"https:\/\/natrape.org\/#organization\"},\"potentialAction\":[{\"@type\":\"SearchAction\",\"target\":{\"@type\":\"EntryPoint\",\"urlTemplate\":\"https:\/\/natrape.org\/?s={search_term_string}\"},\"query-input\":{\"@type\":\"PropertyValueSpecification\",\"valueRequired\":true,\"valueName\":\"search_term_string\"}}],\"inLanguage\":\"pt-BR\"},{\"@type\":\"Organization\",\"@id\":\"https:\/\/natrape.org\/#organization\",\"name\":\"NATRAPE\",\"url\":\"https:\/\/natrape.org\/\",\"logo\":{\"@type\":\"ImageObject\",\"inLanguage\":\"pt-BR\",\"@id\":\"https:\/\/natrape.org\/#\/schema\/logo\/image\/\",\"url\":\"https:\/\/natrape.org\/wp-content\/uploads\/2025\/03\/logo.png\",\"contentUrl\":\"https:\/\/natrape.org\/wp-content\/uploads\/2025\/03\/logo.png\",\"width\":419,\"height\":101,\"caption\":\"NATRAPE\"},\"image\":{\"@id\":\"https:\/\/natrape.org\/#\/schema\/logo\/image\/\"},\"sameAs\":[\"https:\/\/www.instagram.com\/natrapeoficial\/\",\"https:\/\/api.whatsapp.com\/send\/?phone=5581998970726&text&type=phone_number&app_absent=0\"]}]}<\/script>\n<!-- \/ Yoast SEO plugin. -->","yoast_head_json":{"title":"Blog - NATRAPE","description":"Conhe\u00e7a a NATRAPE, uma organiza\u00e7\u00e3o que luta pelos direitos das travestis e pessoas trans em Pernambuco. Apoie nossa causa!","robots":{"index":"index","follow":"follow","max-snippet":"max-snippet:-1","max-image-preview":"max-image-preview:large","max-video-preview":"max-video-preview:-1"},"canonical":"https:\/\/natrape.org\/index.php\/blog\/","og_locale":"pt_BR","og_type":"article","og_title":"Blog - NATRAPE","og_description":"Conhe\u00e7a a NATRAPE, uma organiza\u00e7\u00e3o que luta pelos direitos das travestis e pessoas trans em Pernambuco. Apoie nossa causa!","og_url":"https:\/\/natrape.org\/index.php\/blog\/","og_site_name":"NATRAPE","article_modified_time":"2025-03-23T17:16:03+00:00","twitter_card":"summary_large_image","twitter_misc":{"Est. tempo de leitura":"1 minuto"},"schema":{"@context":"https:\/\/schema.org","@graph":[{"@type":"WebPage","@id":"https:\/\/natrape.org\/index.php\/blog\/","url":"https:\/\/natrape.org\/index.php\/blog\/","name":"Blog - NATRAPE","isPartOf":{"@id":"https:\/\/natrape.org\/#website"},"datePublished":"2025-03-04T16:39:53+00:00","dateModified":"2025-03-23T17:16:03+00:00","description":"Conhe\u00e7a a NATRAPE, uma organiza\u00e7\u00e3o que luta pelos direitos das travestis e pessoas trans em Pernambuco. Apoie nossa causa!","breadcrumb":{"@id":"https:\/\/natrape.org\/index.php\/blog\/#breadcrumb"},"inLanguage":"pt-BR","potentialAction":[{"@type":"ReadAction","target":["https:\/\/natrape.org\/index.php\/blog\/"]}]},{"@type":"BreadcrumbList","@id":"https:\/\/natrape.org\/index.php\/blog\/#breadcrumb","itemListElement":[{"@type":"ListItem","position":1,"name":"In\u00edcio","item":"https:\/\/natrape.org\/"},{"@type":"ListItem","position":2,"name":"Blog"}]},{"@type":"WebSite","@id":"https:\/\/natrape.org\/#website","url":"https:\/\/natrape.org\/","name":"NATRAPE","description":"Nova Associa\u00e7\u00e3o de Travestis e Pessoas Trans de Pernambuco","publisher":{"@id":"https:\/\/natrape.org\/#organization"},"potentialAction":[{"@type":"SearchAction","target":{"@type":"EntryPoint","urlTemplate":"https:\/\/natrape.org\/?s={search_term_string}"},"query-input":{"@type":"PropertyValueSpecification","valueRequired":true,"valueName":"search_term_string"}}],"inLanguage":"pt-BR"},{"@type":"Organization","@id":"https:\/\/natrape.org\/#organization","name":"NATRAPE","url":"https:\/\/natrape.org\/","logo":{"@type":"ImageObject","inLanguage":"pt-BR","@id":"https:\/\/natrape.org\/#\/schema\/logo\/image\/","url":"https:\/\/natrape.org\/wp-content\/uploads\/2025\/03\/logo.png","contentUrl":"https:\/\/natrape.org\/wp-content\/uploads\/2025\/03\/logo.png","width":419,"height":101,"caption":"NATRAPE"},"image":{"@id":"https:\/\/natrape.org\/#\/schema\/logo\/image\/"},"sameAs":["https:\/\/www.instagram.com\/natrapeoficial\/","https:\/\/api.whatsapp.com\/send\/?phone=5581998970726&text&type=phone_number&app_absent=0"]}]}},"_links":{"self":[{"href":"https:\/\/natrape.org\/index.php\/wp-json\/wp\/v2\/pages\/1932","targetHints":{"allow":["GET"]}}],"collection":[{"href":"https:\/\/natrape.org\/index.php\/wp-json\/wp\/v2\/pages"}],"about":[{"href":"https:\/\/natrape.org\/index.php\/wp-json\/wp\/v2\/types\/page"}],"author":[{"embeddable":true,"href":"https:\/\/natrape.org\/index.php\/wp-json\/wp\/v2\/users\/2"}],"replies":[{"embeddable":true,"href":"https:\/\/natrape.org\/index.php\/wp-json\/wp\/v2\/comments?post=1932"}],"version-history":[{"count":8,"href":"https:\/\/natrape.org\/index.php\/wp-json\/wp\/v2\/pages\/1932\/revisions"}],"predecessor-version":[{"id":3720,"href":"https:\/\/natrape.org\/index.php\/wp-json\/wp\/v2\/pages\/1932\/revisions\/3720"}],"wp:attachment":[{"href":"https:\/\/natrape.org\/index.php\/wp-json\/wp\/v2\/media?parent=1932"}],"curies":[{"name":"wp","href":"https:\/\/api.w.org\/{rel}","templated":true}]}}